 common factor of 54 and s?
27
Suppose 5*g - 12 = 2*g. Suppose -g - 6 = -5*d. Suppose -2*x + d*a = -15 - 45, 3*x - 62 = -4*a. What is the highest common divisor of x and 13?
13
Suppose 15*y - 729 = -39. Calculate the greatest common factor of 161 and y.
23
Let p be ((-21)/(-5))/(42/140). Calculate the highest common factor of 826 and p.
14
Let m = 148 + 504. Calculate the greatest common factor of 4 and m.
4
Let t(a) = 8*a**2 - 2*a - 2. Let x = 14 + -12. Let q be t(x). Suppose 0 = -b + q - 11. Calculate the highest common factor of b and 120.
15
Suppose -1648 = -5*k - x, -4*k + 6*x - x = -1330. Calculate the highest common divisor of k and 33.
33
Let t = -39 + 40. Let x(p) = 168*p**3 + 2*p**2 - 3*p + 2. Let f be x(t). Calculate the greatest common divisor of 13 and f.
13
Suppose -22*c + 21*c = -15. Calculate the highest common divisor of c and 285.
15
Let h(n) = 189*n - 72. Let l be h(3). What is the greatest common factor of l and 55?
55
Let y = 44 - 74. Let x = -24 - y. Calculate the highest common divisor of x and 24.
6
Suppose 116*c = 119*c - 528. Suppose 0*m - 90 = -4*s + m, 4*m = 4*s - 96. Calculate the greatest common factor of c and s.
22
Let w(q) = -2*q + 2. Let t be w(-4). Let x = -89 - -169. Calculate the greatest common factor of t and x.
10
Let x(r) = r**2 - 9*r + 50. Let d be x(10). Calculate the greatest common factor of 255 and d.
15
Let l(a) = -15*a**2 - 4*a - 3. Let m be l(-1). Let z = 35 + m. What is the greatest common factor of 189 and z?
21
Suppose 0 = 5*u + 20, -8*m = -10*m + 5*u + 66. Calculate the highest common factor of 2507 and m.
23
Let t(x) = 7*x - 12. Let z(m) = 18*m - 30. Let v(o) = 12*t(o) - 5*z(o). Let b be v(-23). What is the highest common divisor of b and 16?
16
Suppose 14 = 20*y - 6. Calculate the greatest common divisor of 18 and y.
1
Let p be 3/(9/24) + (-57)/(-1). What is the greatest common divisor of p and 832?
13
Suppose -2*i = 2*o - 4*o + 88, 4*o - 2*i = 184. Let j = o + 16. Calculate the greatest common divisor of j and 16.
16
Let a = -133 - -77. Let j = 73 + a. Calculate the highest common divisor of j and 85.
17
Let j be (-144)/(-2) - (289/17 + -23). Calculate the greatest common divisor of 54 and j.
6
Let y be (1 + 3)*(-33)/(-22). Let m be (-95)/(-35) + y/21. Let j be (-16)/24 + 23/m. Calculate the highest common factor of 49 and j.
7
Suppose 4*w = -3*q + 218, 2*w - 2*q - 172 = -w. Let g be 12/(-6) - 3 - (-327 - -2). Suppose -2*a + g = 40. Calculate the greatest common divisor of a and w.
28
Suppose 0 = 2*z + 6, -5*g - 3*z - 999 - 685 = 0. Let x = 559 + g. Let u = x - 104. What is the highest common factor of 15 and u?
15
Let a(c) = c**2 + 3*c - 27. Let f be a(-7). Suppose y - 8 = -0*y. What is the greatest common factor of y and f?
1
Suppose 0 = -5*o - 35, -26*h = -24*h - 2*o - 78. Let t(f) = -f**2 + 8*f - 7. Let l be t(5). What is the highest common divisor of l and h?
8
Let i be (4/6)/(16/120). Calculate the greatest common factor of i and 30.
5
Suppose -4*l - 100 = -2*h - 8*l, 3*h + 3*l = 165. Suppose h = -o + 4*o. What is the highest common factor of 8 and o?
4
Suppose -2*y + 45 = -5*y. Let h = y - -26. Suppose -5*p + 175 = -100. Calculate the greatest common factor of p and h.
11
Let u = 396 - 1. What is the highest common divisor of u and 5?
5
Let d = 41 + -59. Let r be 1 - (3/3 + d). Suppose -2*f - 2 + r = 0. What is the greatest common factor of f and 1?
1
Suppose -2*r = -x + 2*r + 7, 5*x = -4*r - 61. Let u be 2/9 + (-394)/x. What is the highest common factor of 11 and u?
11
Let y(v) = -v**3 - 5*v**2 + 10*v + 3. Let k be y(-7). Suppose 0 = 3*g + g - 5*x - k, -g + 3*x = 1. Calculate the greatest common divisor of g and 154.
14
Let r = -726 + 1580. What is the highest common divisor of r and 14?
14
Let h = -15 + 16. Let w(z) = 3*z + 2. Let j be w(h). What is the highest common factor of 15 and j?
5
Let n(m) be the first derivative of 4*m**3 - m**2/2 + 3. Let p be n(1). What is the highest common factor of 22 and p?
11
Suppose 14*y + 510 = 20*y. What is the highest common divisor of y and 187?
17
Let r(g) = 2*g**2 + 22*g + 55. Let t be r(-13). What is the highest common divisor of 1819 and t?
107
Let d(x) = x**2 - 7*x + 42. Let o be d(8). Suppose 49*k = o*k - 21. Suppose 4*v = -8, -f + 141 = -0*v + 3*v. Calculate the highest common factor of f and k.
21
Let i(z) = 476*z - 496. Let j be i(6). Calculate the greatest common factor of j and 40.
40
Suppose 2*u - 3*y - 1 + 8 = 0, -15 = -5*y. Calculate the greatest common factor of u and 3.
1
Let w(f) be the second derivative of f**5/5 - f**4/4 + 3*f**2/2 - 12*f. Let x be w(2). What is the highest common factor of x and 253?
23
Suppose -8*m - 3 = -9*m. Let w be (-5 + m)*(-11)/2. Let a be 13/1 + 28/(-14). What is the greatest common divisor of w and a?
11
Suppose -3*d + 1088 = d. Suppose 0 = -6*f - 2013 + 5163. Let w = f - d. Calculate the highest common divisor of w and 23.
23
Suppose s - 4*z - 10 + 24 = 0, 18 = 5*s + 2*z. Let n be s*((-14)/4 + -3). Let q be ((-2)/3)/(n/1014). Calculate the highest common factor of 13 and q.
13
Suppose 0 = -5*v - 29 + 89. Suppose 4*a - d - 45 = 0, a - v = -d + 2*d. What is the highest common divisor of a and 99?
11
Suppose 24 = -2*n + 10. Let u = 5 - n. What is the greatest common divisor of 96 and u?
12
Let k = 210 + -204. What is the greatest common divisor of k and 6?
6
Let b be (-140)/12*21/(-35). What is the highest common factor of 238 and b?
7
Suppose 0 = 2*f + 3*i, 4*f - 3*i = 8 + 10. Suppose -5*x - a = -10*x + 124, 0 = 3*x - f*a - 84. What is the highest common divisor of x and 6?
6
Let m be ((-98)/(-294))/((-160)/162 - -1). Calculate the highest common factor of m and 351.
27
Suppose r - 36 + 31 = 0. Suppose 4*p - u = -0*u + 463, 0 = r*p - 4*u - 576. Calculate the highest common divisor of 29 and p.
29
Let a(w) = -4*w + 17. Let d = 8 - 3. Let c be a(d). Let k be 1*c + (-7 - -16). What is the highest common divisor of 6 and k?
6
Let b = 47 + -29. Let w be (b/7)/((-42)/(-392)). What is the highest common divisor of 24 and w?
24
Let m = 1169 + -1148. Calculate the greatest common factor of m and 427.
7
Suppose 5*r + j - 85 = -3*j, j = 0. Let u be (r/5 - 1)*5. Let w(f) = -f**3 + 7*f**2 + 2*f - 2. Let b be w(7). What is the highest common divisor of u and b?
12
Let l = 15 - 14. Let d be 4 + (13/l - 1). Calculate the greatest common divisor of d and 2.
2
Let g be (3/6)/((-1)/(-14)). Let h = -197 + 204. Calculate the highest common divisor of g and h.
7
Suppose 0 = -6*n - 9*n + 5400. What is the greatest common factor of n and 12?
12
Let f be -3 - (-4 + (-62)/2). Let s(z) = -z + 8. Let v be s(0). Calculate the highest common divisor of v and f.
8
Suppose s = -s + 16. Suppose 214 = s*l + 54. What is the greatest common divisor of l and 220?
20
Let d(c) = 2*c**3 + 54*c**2 - c + 27. Let h be d(-27). What is the greatest common divisor of 459 and h?
27
Let b(l) = l**2 + 5*l - 7. Let g be b(7). Suppose -275 = -15*w - 10*w. Calculate the greatest common factor of g and w.
11
Let p be 1/2*10*167 + 1. Suppose -14*h + p = -284. What is the highest common factor of 10 and h?
10
Let u be (-110 + -1)*(-9 + 8). Suppose -c = -0*v - 2*v + u, -c = -4*v + 227. What is the greatest common factor of v and 145?
29
Let p be 2 - -7 - 6 - (-1086)/2. What is the greatest common divisor of 21 and p?
21
Let j(b) = 79*b**2 - 15*b + 72. Let s be j(4). What is the highest common divisor of s and 116?
116
Let p = -48 - -23. Let v be 9*(p/(-15))/5. Calculate the greatest common factor of v and 6.
3
Let f(p) be the third derivative of -p**5/30 + 11*p**4/24 + 5*p**3/6 + 12*p**2. Let u be f(5). Calculate the highest common factor of 25 and u.
5
Suppose -3*n - 130 = 4*f, 3*n + 122 = -2*f + 6*f. Let y = n + 46. What is the highest common divisor of 10 and y?
2
Let h(n) = n**2 - 17*n - 100. Let a be h(29). What is the greatest common divisor of a and 24?
8
Let w(b) = b**2 + 5*b + 4. Let z be w(-5). Suppose 20 = z*j, -13 = 3*d + d - 5*j. Suppose d*x + 15 = 8*x. Calculate the highest common factor of 3 and x.
3
Suppose 3*x - 2*w + 7*w = 824, -x + 276 = 3*w. What is the highest common divisor of 42 and x?
21
Suppose 441 = 32*i - 11*i. Calculate the highest common factor of i and 7.
7
Let u = 39 + -24. Let o be -2 - (-6)/(-1)*(-665)/u. Calculate